{"id":591,"date":"2018-05-08T11:15:08","date_gmt":"2018-05-08T11:15:08","guid":{"rendered":"http:\/\/vidrorei.com\/site\/?page_id=591"},"modified":"2018-10-02T10:18:53","modified_gmt":"2018-10-02T10:18:53","slug":"home","status":"publish","type":"page","link":"https:\/\/vidrorei.com\/site\/","title":{"rendered":"Home"},"content":{"rendered":"<p>[et_pb_section fb_built=&#8221;1&#8243; fullwidth=&#8221;on&#8221; _builder_version=&#8221;3.0.106&#8243;][et_pb_fullwidth_slider _builder_version=&#8221;3.0.106&#8243; background_image=&#8221;http:\/\/vidrorei.com\/site\/wp-content\/uploads\/2018\/05\/Linha_Duplo_3.jpg&#8221; auto=&#8221;on&#8221;][et_pb_slide heading=&#8221;Experi\u00eancia no sector do vidro&#8221; use_bg_overlay=&#8221;on&#8221; _builder_version=&#8221;3.0.106&#8243; background_image=&#8221;http:\/\/vidrorei.com\/site\/wp-content\/uploads\/2018\/05\/Pavilhao_5.jpg&#8221;]A VIDROREI, criada em 1995 em Vila de Rei (Cast. Branco), possui um conjunto de profissionais com larga e reconhecida experi\u00eancia no sector do vidro.<br \/>\n[\/et_pb_slide][et_pb_slide heading=&#8221;Capacidade de produ\u00e7\u00e3o&#8221; use_bg_overlay=&#8221;on&#8221; use_text_overlay=&#8221;off&#8221; _builder_version=&#8221;3.0.106&#8243; background_image=&#8221;http:\/\/vidrorei.com\/site\/wp-content\/uploads\/2018\/05\/Pavilhao_6.jpg&#8221;]Investimos e continua a investir em novas tecnologias e atualmente possui uma estrutura caracterizada pela capacidade de produ\u00e7\u00e3o e compet\u00eancias.<br \/>\n[\/et_pb_slide][\/et_pb_fullwidth_slider][\/et_pb_section][et_pb_section fb_built=&#8221;1&#8243; module_id=&#8221;certificacoes&#8221; _builder_version=&#8221;3.0.106&#8243; custom_padding=&#8221;45px|0px|54px|0px&#8221;][et_pb_row _builder_version=&#8221;3.0.47&#8243; background_size=&#8221;initial&#8221; background_position=&#8221;top_left&#8221; background_repeat=&#8221;repeat&#8221;][et_pb_column type=&#8221;1_2&#8243; _builder_version=&#8221;3.0.47&#8243; parallax=&#8221;off&#8221; parallax_method=&#8221;on&#8221;][et_pb_text _builder_version=&#8221;3.0.106&#8243;]<img loading=\"lazy\" decoding=\"async\" class=\"alignnone wp-image-692\" src=\"http:\/\/vidrorei.com\/site\/wp-content\/uploads\/PME_lider_1cor-1.png\" alt=\"\" width=\"128\" height=\"155\" srcset=\"https:\/\/vidrorei.com\/site\/wp-content\/uploads\/PME_lider_1cor-1.png 300w, https:\/\/vidrorei.com\/site\/wp-content\/uploads\/PME_lider_1cor-1-247x300.png 247w, https:\/\/vidrorei.com\/site\/wp-content\/uploads\/PME_lider_1cor-1-150x182.png 150w, https:\/\/vidrorei.com\/site\/wp-content\/uploads\/PME_lider_1cor-1-250x303.png 250w\" sizes=\"(max-width: 128px) 100vw, 128px\" \/><\/p>\n<p>A Vidrorei \u2013 Sociedade Transformadora de Vidros e Espelhos, \u00e9 distinguida pela qualidade do seu desempenho e perfil de risco, como PME, no \u00e2mbito do programa FINCRESCER.<br \/>\n[\/et_pb_text][\/et_pb_column][et_pb_column type=&#8221;1_2&#8243; _builder_version=&#8221;3.0.47&#8243; parallax=&#8221;off&#8221; parallax_method=&#8221;on&#8221;][et_pb_text _builder_version=&#8221;3.0.106&#8243;]<img loading=\"lazy\" decoding=\"async\" class=\"alignnone wp-image-685 size-medium\" src=\"http:\/\/vidrorei.com\/site\/wp-content\/uploads\/LOGO_Certif_Vidro_Duplo-e1526065450179-300x166.jpg\" alt=\"\" width=\"300\" height=\"166\" \/><\/p>\n<p>A Vidrorei \u2013 Sociedade Transformadora de Vidros e Espelhos, \u00e9 distinguida pela Certifica\u00e7\u00e3o de Produto Industrial \u2013 Unidades de Vidro Isolantes &#8211; atrav\u00e9s da SGS ICS \u2013 International Certification Services.<br \/>\n[\/et_pb_text][\/et_pb_column][\/et_pb_row][\/et_pb_section][et_pb_section fb_built=&#8221;1&#8243; background_color=&#8221;#ededed&#8221; module_id=&#8221;trabalhos&#8221; _builder_version=&#8221;3.0.106&#8243; custom_padding=&#8221;54px|0px|0|0px&#8221;][et_pb_row custom_padding=&#8221;27px|0px|0|0px&#8221; _builder_version=&#8221;3.0.106&#8243;][et_pb_column type=&#8221;4_4&#8243; _builder_version=&#8221;3.0.47&#8243; parallax=&#8221;off&#8221; parallax_method=&#8221;on&#8221;][et_pb_text _builder_version=&#8221;3.0.106&#8243; header_font=&#8221;||||||||&#8221; header_2_font=&#8221;|||on|||||&#8221; header_2_text_align=&#8221;center&#8221;]<\/p>\n<h2>Alguns trabalhos<\/h2>\n<p>[\/et_pb_text][et_pb_gallery gallery_ids=&#8221;639,641,640,638,637,634,633,632,631,627,626,629,630&#8243; gallery_orderby=&#8221;rand&#8221; gallery_captions=&#8221;,Vidro Laminado,,,,,,,,,,,&#8221; posts_number=&#8221;8&#8243; db_image_max_width_tablet=&#8221;51&#8243; db_image_max_height_tablet=&#8221;501&#8243; db_image_row_spacing_tablet=&#8221;51&#8243; db_image_center_titles=&#8221;center&#8221; db_image_object_fit=&#8221;initial&#8221; _builder_version=&#8221;3.0.106&#8243; title_font=&#8221;||||||||&#8221; title_text_align=&#8221;center&#8221; title_font_size=&#8221;16px&#8221; caption_font=&#8221;||||||||&#8221; caption_text_align=&#8221;center&#8221; caption_font_size=&#8221;12&#8243; pagination_font_size_tablet=&#8221;51&#8243; pagination_line_height_tablet=&#8221;2&#8243; global_module=&#8221;673&#8243; saved_tabs=&#8221;all&#8221;][\/et_pb_gallery][\/et_pb_column][\/et_pb_row][\/et_pb_section][et_pb_section fb_built=&#8221;1&#8243; module_id=&#8221;contactos&#8221; _builder_version=&#8221;3.0.106&#8243;][et_pb_row _builder_version=&#8221;3.0.106&#8243;][et_pb_column type=&#8221;1_2&#8243; _builder_version=&#8221;3.0.47&#8243; parallax=&#8221;off&#8221; parallax_method=&#8221;on&#8221;][et_pb_text _builder_version=&#8221;3.0.106&#8243;]<\/p>\n<h2>Contactos<\/h2>\n<p><strong>F\u00e1brica:<\/strong> Zona Industrial &#8211; Lt 206110-229 Vila de Rei (<a href=\"https:\/\/goo.gl\/maps\/vg6QeyWmJqm\" target=\"_blank\" rel=\"noopener\">GoogleMaps<\/a>)<\/p>\n<p><strong>Tel:<\/strong> 274.898.670 <strong>Fax:<\/strong>\u00a0274.898.574 <strong>Email:<\/strong>\u00a0<a href=\"mailto:info@vidrorei.com\">info@vidrorei.com<\/a><br \/>\n[\/et_pb_text][et_pb_gallery gallery_ids=&#8221;621,623&#8243; gallery_captions=&#8221;DCIM100MEDIADJI_0037.JPG,DCIM100MEDIADJI_0032.JPG&#8221; fullwidth=&#8221;on&#8221; db_images_per_row=&#8221;1&#8243; db_image_max_width=&#8221;65px&#8221; db_image_max_height=&#8221;458px&#8221; db_image_object_fit=&#8221;cover&#8221; _builder_version=&#8221;3.0.106&#8243; title_font_size=&#8221;20&#8243;][\/et_pb_gallery][\/et_pb_column][et_pb_column type=&#8221;1_2&#8243; _builder_version=&#8221;3.0.47&#8243; parallax=&#8221;off&#8221; parallax_method=&#8221;on&#8221;][et_pb_text _builder_version=&#8221;3.0.106&#8243; custom_padding=&#8221;||0px|&#8221;]<\/p>\n<h2>Formul\u00e1rio de contacto<\/h2>\n<p>[\/et_pb_text][et_pb_contact_form captcha=&#8221;off&#8221; success_message=&#8221;Obrigado pelo seu contacto, responderemos em breve.&#8221; submit_button_text=&#8221;Enviar&#8221; module_id=&#8221;et_pb_contact_form_0&#8243; _builder_version=&#8221;3.0.106&#8243; email=&#8221;info@vidrorei.com&#8221;][et_pb_contact_field field_id=&#8221;Name&#8221; field_title=&#8221;Name&#8221; _builder_version=&#8221;3.0.47&#8243; border_radii=&#8221;on||||&#8221;][\/et_pb_contact_field][et_pb_contact_field field_id=&#8221;Email&#8221; field_title=&#8221;Email&#8221; field_type=&#8221;email&#8221; _builder_version=&#8221;3.0.106&#8243; border_radii=&#8221;on||||&#8221;][\/et_pb_contact_field][et_pb_contact_field field_id=&#8221;Empresa&#8221; field_title=&#8221;Empresa&#8221; _builder_version=&#8221;3.0.106&#8243;][\/et_pb_contact_field][et_pb_contact_field field_id=&#8221;Telefone&#8221; field_title=&#8221;Telefone&#8221; _builder_version=&#8221;3.0.106&#8243;][\/et_pb_contact_field][et_pb_contact_field field_id=&#8221;Message&#8221; field_title=&#8221;Mensagem&#8221; field_type=&#8221;text&#8221; fullwidth_field=&#8221;on&#8221; _builder_version=&#8221;3.0.106&#8243; border_radii=&#8221;on||||&#8221;][\/et_pb_contact_field][\/et_pb_contact_form][\/et_pb_column][\/et_pb_row][\/et_pb_section]<\/p>\n","protected":false},"excerpt":{"rendered":"<p>A VIDROREI, criada em 1995 em Vila de Rei (Cast. Branco), possui um conjunto de profissionais com larga e reconhecida experi\u00eancia no sector do vidro. Investimos e continua a investir em novas tecnologias e atualmente possui uma estrutura caracterizada pela capacidade de produ\u00e7\u00e3o e compet\u00eancias. A Vidrorei \u2013 Sociedade Transformadora de Vidros e Espelhos, \u00e9 [&hellip;]<\/p>\n","protected":false},"author":2,"featured_media":0,"parent":0,"menu_order":0,"comment_status":"closed","ping_status":"closed","template":"","meta":{"_et_pb_use_builder":"on","_et_pb_old_content":"","_et_gb_content_width":"","footnotes":""},"class_list":["post-591","page","type-page","status-publish","hentry"],"_links":{"self":[{"href":"https:\/\/vidrorei.com\/site\/wp-json\/wp\/v2\/pages\/591","targetHints":{"allow":["GET"]}}],"collection":[{"href":"https:\/\/vidrorei.com\/site\/wp-json\/wp\/v2\/pages"}],"about":[{"href":"https:\/\/vidrorei.com\/site\/wp-json\/wp\/v2\/types\/page"}],"author":[{"embeddable":true,"href":"https:\/\/vidrorei.com\/site\/wp-json\/wp\/v2\/users\/2"}],"replies":[{"embeddable":true,"href":"https:\/\/vidrorei.com\/site\/wp-json\/wp\/v2\/comments?post=591"}],"version-history":[{"count":0,"href":"https:\/\/vidrorei.com\/site\/wp-json\/wp\/v2\/pages\/591\/revisions"}],"wp:attachment":[{"href":"https:\/\/vidrorei.com\/site\/wp-json\/wp\/v2\/media?parent=591"}],"curies":[{"name":"wp","href":"https:\/\/api.w.org\/{rel}","templated":true}]}}

<p>[et_pb_section fb_built=&#8221;1&#8243; fullwidth=&#8221;on&#8221; _builder_version=&#8221;3.0.106&#8243;][et_pb_fullwidth_slider _builder_version=&#8221;3.0.106&#8243; background_image=&#8221;http://vidrorei.com/site/wp-content/uploads/2018/05/Linha_Duplo_3.jpg&#8221; auto=&#8221;on&#8221;][et_pb_slide heading=&#8221;Experiência no sector do vidro&#8221; use_bg_overlay=&#8221;on&#8221; _builder_version=&#8221;3.0.106&#8243; background_image=&#8221;http://vidrorei.com/site/wp-content/uploads/2018/05/Pavilhao_5.jpg&#8221;]A VIDROREI, criada em 1995 em Vila de Rei (Cast. Branco), possui um conjunto de profissionais com larga e reconhecida experiência no sector do vidro.<br />
[/et_pb_slide][et_pb_slide heading=&#8221;Capacidade de produção&#8221; use_bg_overlay=&#8221;on&#8221; use_text_overlay=&#8221;off&#8221; _builder_version=&#8221;3.0.106&#8243; background_image=&#8221;http://vidrorei.com/site/wp-content/uploads/2018/05/Pavilhao_6.jpg&#8221;]Investimos e continua a investir em novas tecnologias e atualmente possui uma estrutura caracterizada pela capacidade de produção e competências.<br />
[/et_pb_slide][/et_pb_fullwidth_slider][/et_pb_section][et_pb_section fb_built=&#8221;1&#8243; module_id=&#8221;certificacoes&#8221; _builder_version=&#8221;3.0.106&#8243; custom_padding=&#8221;45px|0px|54px|0px&#8221;][et_pb_row _builder_version=&#8221;3.0.47&#8243; background_size=&#8221;initial&#8221; background_position=&#8221;top_left&#8221; background_repeat=&#8221;repeat&#8221;][et_pb_column type=&#8221;1_2&#8243; _builder_version=&#8221;3.0.47&#8243; parallax=&#8221;off&#8221; parallax_method=&#8221;on&#8221;][et_pb_text _builder_version=&#8221;3.0.106&#8243;]<img loading="lazy" decoding="async" class="alignnone wp-image-692" src="http://vidrorei.com/site/wp-content/uploads/PME_lider_1cor-1.png" alt="" width="128" height="155" srcset="https://vidrorei.com/site/wp-content/uploads/PME_lider_1cor-1.png 300w, https://vidrorei.com/site/wp-content/uploads/PME_lider_1cor-1-247x300.png 247w, https://vidrorei.com/site/wp-content/uploads/PME_lider_1cor-1-150x182.png 150w, https://vidrorei.com/site/wp-content/uploads/PME_lider_1cor-1-250x303.png 250w" sizes="(max-width: 128px) 100vw, 128px" /></p>
<p>A Vidrorei – Sociedade Transformadora de Vidros e Espelhos, é distinguida pela qualidade do seu desempenho e perfil de risco, como PME, no âmbito do programa FINCRESCER.<br />
[/et_pb_text][/et_pb_column][et_pb_column type=&#8221;1_2&#8243; _builder_version=&#8221;3.0.47&#8243; parallax=&#8221;off&#8221; parallax_method=&#8221;on&#8221;][et_pb_text _builder_version=&#8221;3.0.106&#8243;]<img loading="lazy" decoding="async" class="alignnone wp-image-685 size-medium" src="http://vidrorei.com/site/wp-content/uploads/LOGO_Certif_Vidro_Duplo-e1526065450179-300x166.jpg" alt="" width="300" height="166" /></p>
<p>A Vidrorei – Sociedade Transformadora de Vidros e Espelhos, é distinguida pela Certificação de Produto Industrial – Unidades de Vidro Isolantes &#8211; através da SGS ICS – International Certification Services.<br />
[/et_pb_text][/et_pb_column][/et_pb_row][/et_pb_section][et_pb_section fb_built=&#8221;1&#8243; background_color=&#8221;#ededed&#8221; module_id=&#8221;trabalhos&#8221; _builder_version=&#8221;3.0.106&#8243; custom_padding=&#8221;54px|0px|0|0px&#8221;][et_pb_row custom_padding=&#8221;27px|0px|0|0px&#8221; _builder_version=&#8221;3.0.106&#8243;][et_pb_column type=&#8221;4_4&#8243; _builder_version=&#8221;3.0.47&#8243; parallax=&#8221;off&#8221; parallax_method=&#8221;on&#8221;][et_pb_text _builder_version=&#8221;3.0.106&#8243; header_font=&#8221;||||||||&#8221; header_2_font=&#8221;|||on|||||&#8221; header_2_text_align=&#8221;center&#8221;]</p>
<h2>Alguns trabalhos</h2>
<p>[/et_pb_text][et_pb_gallery gallery_ids=&#8221;639,641,640,638,637,634,633,632,631,627,626,629,630&#8243; gallery_orderby=&#8221;rand&#8221; gallery_captions=&#8221;,Vidro Laminado,,,,,,,,,,,&#8221; posts_number=&#8221;8&#8243; db_image_max_width_tablet=&#8221;51&#8243; db_image_max_height_tablet=&#8221;501&#8243; db_image_row_spacing_tablet=&#8221;51&#8243; db_image_center_titles=&#8221;center&#8221; db_image_object_fit=&#8221;initial&#8221; _builder_version=&#8221;3.0.106&#8243; title_font=&#8221;||||||||&#8221; title_text_align=&#8221;center&#8221; title_font_size=&#8221;16px&#8221; caption_font=&#8221;||||||||&#8221; caption_text_align=&#8221;center&#8221; caption_font_size=&#8221;12&#8243; pagination_font_size_tablet=&#8221;51&#8243; pagination_line_height_tablet=&#8221;2&#8243; global_module=&#8221;673&#8243; saved_tabs=&#8221;all&#8221;][/et_pb_gallery][/et_pb_column][/et_pb_row][/et_pb_section][et_pb_section fb_built=&#8221;1&#8243; module_id=&#8221;contactos&#8221; _builder_version=&#8221;3.0.106&#8243;][et_pb_row _builder_version=&#8221;3.0.106&#8243;][et_pb_column type=&#8221;1_2&#8243; _builder_version=&#8221;3.0.47&#8243; parallax=&#8221;off&#8221; parallax_method=&#8221;on&#8221;][et_pb_text _builder_version=&#8221;3.0.106&#8243;]</p>
<h2>Contactos</h2>
<p><strong>Fábrica:</strong> Zona Industrial &#8211; Lt 206110-229 Vila de Rei (<a href="https://goo.gl/maps/vg6QeyWmJqm" target="_blank" rel="noopener">GoogleMaps</a>)</p>
<p><strong>Tel:</strong> 274.898.670 <strong>Fax:</strong> 274.898.574 <strong>Email:</strong> <a href="mailto:info@vidrorei.com">info@vidrorei.com</a><br />
[/et_pb_text][et_pb_gallery gallery_ids=&#8221;621,623&#8243; gallery_captions=&#8221;DCIM100MEDIADJI_0037.JPG,DCIM100MEDIADJI_0032.JPG&#8221; fullwidth=&#8221;on&#8221; db_images_per_row=&#8221;1&#8243; db_image_max_width=&#8221;65px&#8221; db_image_max_height=&#8221;458px&#8221; db_image_object_fit=&#8221;cover&#8221; _builder_version=&#8221;3.0.106&#8243; title_font_size=&#8221;20&#8243;][/et_pb_gallery][/et_pb_column][et_pb_column type=&#8221;1_2&#8243; _builder_version=&#8221;3.0.47&#8243; parallax=&#8221;off&#8221; parallax_method=&#8221;on&#8221;][et_pb_text _builder_version=&#8221;3.0.106&#8243; custom_padding=&#8221;||0px|&#8221;]</p>
<h2>Formulário de contacto</h2>
<p>[/et_pb_text][et_pb_contact_form captcha=&#8221;off&#8221; success_message=&#8221;Obrigado pelo seu contacto, responderemos em breve.&#8221; submit_button_text=&#8221;Enviar&#8221; module_id=&#8221;et_pb_contact_form_0&#8243; _builder_version=&#8221;3.0.106&#8243; email=&#8221;info@vidrorei.com&#8221;][et_pb_contact_field field_id=&#8221;Name&#8221; field_title=&#8221;Name&#8221; _builder_version=&#8221;3.0.47&#8243; border_radii=&#8221;on||||&#8221;][/et_pb_contact_field][et_pb_contact_field field_id=&#8221;Email&#8221; field_title=&#8221;Email&#8221; field_type=&#8221;email&#8221; _builder_version=&#8221;3.0.106&#8243; border_radii=&#8221;on||||&#8221;][/et_pb_contact_field][et_pb_contact_field field_id=&#8221;Empresa&#8221; field_title=&#8221;Empresa&#8221; _builder_version=&#8221;3.0.106&#8243;][/et_pb_contact_field][et_pb_contact_field field_id=&#8221;Telefone&#8221; field_title=&#8221;Telefone&#8221; _builder_version=&#8221;3.0.106&#8243;][/et_pb_contact_field][et_pb_contact_field field_id=&#8221;Message&#8221; field_title=&#8221;Mensagem&#8221; field_type=&#8221;text&#8221; fullwidth_field=&#8221;on&#8221; _builder_version=&#8221;3.0.106&#8243; border_radii=&#8221;on||||&#8221;][/et_pb_contact_field][/et_pb_contact_form][/et_pb_column][/et_pb_row][/et_pb_section]</p>

<p>A VIDROREI, criada em 1995 em Vila de Rei (Cast. Branco), possui um conjunto de profissionais com larga e reconhecida experiência no sector do vidro. Investimos e continua a investir em novas tecnologias e atualmente possui uma estrutura caracterizada pela capacidade de produção e competências. A Vidrorei – Sociedade Transformadora de Vidros e Espelhos, é [&hellip;]</p>
